me?
False
Let k(m) = 25*m**3 - 9*m**2 - 144*m - 1. Is k(18) composite?
True
Suppose -4609 = m + 3404. Is m/(-2)*(-1 - -3) composite?
True
Let x = 876281 + -268662. Is x a prime number?
True
Let r(u) = -5*u**3 + 2*u + 1. Let t be r(-1). Suppose 0 = k + 5*b - 2736, 3*k - 8208 = -0*k + t*b. Suppose -311 = 5*a - k. Is a composite?
True
Let d = -68 + 68. Suppose d = 2*b - 1711 - 5583. Is b a prime number?
False
Let a = 1114656 + -633425. Is a a prime number?
True
Let k = -148 - -148. Suppose 2*v = -k*v - 3*f + 42934, 3*f = 0. Is v prime?
True
Let y(l) = 150220*l - 67. Is y(2) composite?
True
Let h = -274876 + 484973. Is h a prime number?
True
Suppose 2*t + 2*t - 16 = 0. Suppose t*c = -15 + 7, 3*m - c - 6965 = 0. Is m composite?
True
Let j = 34 + -41. Let z = j + 9. Suppose 5*u = 4*k - 1291, 2*k - 305 = -z*u + 327. Is k a composite number?
True
Is (16433 - (1 + 14))/2 prime?
True
Let j = -146 + 150. Suppose -7*x + 6*x - 2*r = -2407, -j*x + 9628 = r. Is x prime?
False
Is ((-33353409)/45 - (-34)/(-255))*-1 composite?
False
Suppose 2*u - 46678 = -5*g, -5*u = 4*g - 7*u - 37346. Suppose -d = 2005 - g. Is d composite?
False
Let c be (-1)/(5/18)*5/(-3). Suppose 0 = -c*u + u + 2*q + 3365, 673 = u - 3*q. Is u prime?
True
Suppose -27*l + 71 = -91. Suppose 4*n + 31974 = 2*p, -2*n + l*n = 20. Is p composite?
True
Let b be (14/105 - (-4)/(-30))/(-2). Suppose -5*j - 5 = b, i + 3*i + j - 1943 = 0. Suppose 7300 = 5*z - 5*k, -2*z - 4*k - i = -3412. Is z composite?
True
Suppose 5407300 = 107*i - 21920768 + 5794639. Is i a prime number?
True
Suppose -5*s - p + 1123 = -5348, 4*s + p = 5177. Suppose 9960 = 6*o - 1050. Let v = o - s. Is v a prime number?
True
Suppose -4*x + 3 = -x. Let d be x/(7/(-28)*(-8)/6). Is (d*-168 + -1)*-1 prime?
False
Is (-2)/2 + 13270 + (-340)/(-17) prime?
False
Suppose -229 = 16*h - 960 - 293. Let r = 100 - 71. Let c = h - r. Is c prime?
False
Let z(w) = -11*w - 9. Let b be z(-1). Suppose -4*i - 5*t = -20613, -b*i - 20*t + 10319 = -15*t. Is i a prime number?
True
Suppose 163*j + 5766 = 169*j. Let t = j + -803. Is t composite?
True
Suppose -4*r + 0 + 8 = 0. Let q be -1886*(-2)/2 + 0/4. Suppose 5*c - q = z, -r*z + 362 = c - 13. Is c a composite number?
True
Let v(c) be the third derivative of -c**6/60 + 11*c**5/60 - c**4/8 + 2*c**3 - 271*c**2. Is v(5) composite?
True
Suppose -46*t - 3*v = -42*t - 942883, 5*v = 6*t - 1414353. Is t a prime number?
True
Let l = -126 - -178. Let g = -49 + l. Is 329 + 0 + 5 + -8 + g a composite number?
True
Suppose 0 = 7*c - 13*c + 1080. Let g be (-24)/c + 4/30. Suppose 5*w - 3*n - 11 = 418, 4*w - 2*n - 344 = g. Is w a prime number?
False
Let m = -8680 - -18281. Is m prime?
True
Let o(d) be the third derivative of d**6/120 - 7*d**5/30 + 7*d**4/24 - 59*d**3/6 + 105*d**2. Is o(22) a composite number?
False
Let i(v) = 306*v**2 - 33*v - 529. Is i(-12) composite?
True
Suppose -44090 - 67240 = -10*x. Suppose 5*h = -9*d + 7*d + 18551, 0 = -3*h - 2*d + x. Is h a prime number?
True
Suppose -2*w + 53 - 157 = 0. Let s be (-158)/13 - 8/w. Is (-5 - -217)*(-111)/s prime?
False
Let f = -100 - -93. Let w be (612 - f)*3/(3/(-4)). Let x = 4169 + w. Is x composite?
False
Suppose -u - 19*u + 191511 = 7*u. Is u a composite number?
True
Suppose p + 4137 = 1142. Let i = p - -4830. Is i a prime number?
False
Is 2/(40/50) + (-10238641)/(-34) a prime number?
False
Suppose -10*c - 157803 = -1357433. Is c a composite number?
False
Let l(v) be the first derivative of 16*v + 5/2*v**4 + 37 + 0*v**3 + 1/2*v**2. Is l(7) a composite number?
True
Suppose m = -27 + 45. Is (2749/(-4))/(m/(-144)) a prime number?
False
Suppose 0 = 7*i - 4796 - 923. Let m = -263 + i. Is m a prime number?
False
Let u be -12 + 40/(-10) - -18. Let h(m) = m**2 - 3*m - 4. Let l be h(4). Suppose -4*c = u*o - 18268, l*o - 4567 = -c + 5*o. Is c a prime number?
True
Suppose -5*c - 3*j + 26562 = 0, -4*c - 4*j + 12051 = -9197. Let l = 1490 + c. Is l a composite number?
False
Let z = -32354 + 50695. Is z a prime number?
True
Suppose -2*f = 5*y - 38051, 42*f - 3*y + 57090 = 45*f. Is f composite?
True
Let p(a) = 442*a**2 + 16*a - 1165. Is p(-41) a prime number?
False
Let x(l) = 32*l**2 + l + 8. Suppose 7*c = 4*c + 9. Suppose 4*s - 1 = -5*z, 20 - c = z + 5*s. Is x(z) prime?
True
Let n = 42 - 2. Let a = -33 + n. Suppose 0 = -4*o - 2*b + 2500, -a*o + 2*b = -3*o - 2484. Is o a composite number?
True
Suppose -4*k + 14414 = 11*v - 16*v, -5*k = 3*v - 18073. Is k a composite number?
True
Let y(g) = 837*g + 264. Suppose -85*a + 89*a = 68. Is y(a) prime?
False
Suppose 0 = -11*t + 8*t + 24. Let b be (t/(-2))/(-1*(-16)/(-31688)). Suppose -7*y = -7779 - b. Is y prime?
True
Let t = -637 + 641. Suppose -t*l + 3*o + 40634 = 5*o, -4*o + 30473 = 3*l. Is l composite?
False
Suppose -199*m + 26*m = 37*m - 118719930. Is m a prime number?
True
Suppose 31*y - b = 36*y + 65992, 3*y + b + 39594 = 0. Let l = -7068 - y. Is l a prime number?
True
Let r(n) be the third derivative of -n**4/4 - 5*n**3 - 13*n**2. Let t be r(-5). Suppose a - 1963 = -t*a - 2*g, -3*g - 9 = 0. Is a a prime number?
False
Let h(v) = -v**3 - 53*v**2 - 14*v + 169. Let r = -726 - -673. Is h(r) a prime number?
True
Let l = -10807 + -239. Let n = l + 16629. Is n composite?
True
Let a = 127 + -125. Suppose -a = -5*c + 3, -c - 2464 = -5*k. Is k composite?
True
Suppose -4*h - 2*p - 1 + 5 = 0, 0 = -3*h + 5*p + 16. Let z be h*8 + 3 + -7 + 6. Is (-4)/6 - (-36930)/z a prime number?
False
Let k(g) = 9*g + 8*g**2 + 90*g**3 - 22 - 10*g**2 + 24. Let a be k(-4). Let r = a + 10473. Is r a prime number?
False
Let m(d) = -2310*d + 3427. Is m(-16) a prime number?
True
Let f = 37045 - -48004. Is f composite?
False
Suppose -76*j + 2931755 - 1022346 = -2911955. Is j a prime number?
True
Suppose 4*b - 4*s = 1087868, -135*b = -130*b + 2*s - 1359835. Is b a prime number?
True
Is ((-342354)/(-4))/((-4)/672*-36) a prime number?
False
Suppose -2*q = 5*p - 684, -14*q + 17*q + 402 = 3*p. Suppose 3*a + 348 = 7*a. Let j = p + a. Is j a prime number?
True
Let k(a) = -344*a**2 - 4*a + 1. Let r(w) = 345*w**2 + 3*w - 1. Let d(b) = 3*k(b) + 4*r(b). Suppose -t - 11*t = 12. Is d(t) composite?
False
Suppose 151*y + 38*y - 77947500 = -6565791. Is y a composite number?
False
Let u = -28 + 31. Suppose m = -m + u*i + 980, -5*i = m - 477. Is m a composite number?
False
Let i(h) = -h**3 - 8*h**2 - 9*h + 8. Let y be i(-7). Let z(q) = 431*q + 51. Is z(y) prime?
True
Is (-6)/(-9)*2692092/8 prime?
False
Let s(q) be the second derivative of q**8/6720 - q**7/840 - q**6/60 + 3*q**5/40 + q**4/2 + 6*q. Let c(j) be the third derivative of s(j). Is c(8) composite?
False
Let a = 915161 + -470760. Is a prime?
True
Let o be (-42)/10 + (224/(-35))/8. Let f(r) = 172*r + 14. Let j be f(-6). Is o/15*(j + 1) a prime number?
False
Suppose -9*o - 89 = -10*o. Suppose 84*r = o*r - 110. Is r/33*1*(-354)/(-4) prime?
True
Suppose 39*h + 120*h - 49805531 = -148*h. Is h prime?
False
Suppose -10*v = -1071116 - 999515 + 228501. Is v a composite number?
True
Let q(y) = -10*y + 4*y**3 - y**2 + y**2 - 129 + 121. Let b be q(10). Suppose 0 = 8*r - 4*r - b. Is r a prime number?
False
Let y(p) = -216*p**3 - p**2 - 3*p + 3. Let j = -16 - -19. Suppose 13 = -4*d - 5*b, 5*d + j*b - 5*b + 8 = 0. Is y(d) a composite number?
False
Suppose -3*r + 9 = 2*n - 6, -15 = -5*n. Suppose 2*x + r*p = 6*p + 11176, 5*x = p + 27940. Suppose 4*i - 3302 = -2*k + 2256, 2*k - x = 2*i. Is k composite?
False
Let d = 50 - 48. Suppose d*s + 5392 = 18*s. Is s a composite number?
False
Is (1326/6)/(-17) + 9324 prime?
True
Suppose -8*g = 39*g - 13969951. Is g a prime number?
True
Let u = 1632719 + -717433. Is u prime?
False
Let l be (-55)/(-165) + (0 - 8897/(-3)). Suppose 2*d + l = 4*r - 1520, -r = d - 1120. Is r a composite number?
True
Suppose 3*a + 3*h - 448600 - 243071 = 0, 3*h = 0. Is a composite?
True
Let m(y) = 6715*y**2 + 3922*y**2 + 1 + 4*y + 1519*y**2. Let h be m(-2). Suppose -10*v - 807 = -h. Is v a prime number?
False
Let o be (4/(-6))/((-6)/31896). Let f = o + 13575. Suppose 5*m = -12*m + f. Is m prime?
False
Suppose 523 = -9*k + 2080. Suppose -151 + 14 = -4*g + w, -5*g = -3*w - k. Is g composite?
True
Suppose -3*v + 12 = 0, 0 = 3*q - 6*q - 4*v + 5755054. Is q prime?
False
Let v be (-10640)/(-14) - (-1 + 1). Let m = v + -298. Let h = m + -